ppose -90 = -4*m - 38. Let b(j) = -4*j**3 + j**2 - 2*j + 1. Let v be b(1). What is the remainder when v/(6/(-99)*3) is divided by m?
9
Let j(q) = q + 8. Let x be j(-6). Suppose 6 = -x*y - 4. Calculate the remainder when 133 is divided by ((-33 - 1)/2)/(y/10).
31
Suppose 0 = -3*l + 2*l + 7. Let t(k) = -5*k + 30. Let n be t(l). Calculate the remainder when (-30)/(n/10*2) is divided by 11.
8
Let x(l) = l + 13. Let i(y) = 2*y**2 - 58*y - 212. Let f be i(48). Suppose 1604*k + 264 = f*k. What is the remainder when k is divided by x(0)?
7
Let o = 1138 + -653. Calculate the remainder when o is divided by 13.
4
Let s(c) = -2*c**3 + 25*c**2 + 24*c + 33. Let t be s(14). Let a = -145 - t. What is the remainder when 143 is divided by a?
69
Suppose j - 6*t = -4*t + 4690, -3*j = 2*t - 14094. Suppose -j = -7*u - 727. What is the remainder when u is divided by 71?
70
Suppose 4*s + 14 = 3*o, 2*s + 4*o = 7*s + 18. Let d be 5*((-2)/(-3) - s/6). What is the remainder when 46 is divided by (1/3)/((-3)/(-18)) + d?
4
Let l(m) = -m**3 + 8*m**2 + 6*m + 26. Let v be l(-6). Suppose 780 - v = 2*y. What is the remainder when y is divided by 24?
23
Suppose 3*p = 4*f - 4517 - 398, 5 = -p. What is the remainder when f is divided by 15?
10
Suppose 4*m - 528 = -516. What is the remainder when 412 is divided by ((-1932)/63)/((-2)/m)?
44
Let c(d) = 2*d**2 + 56*d + 20. Let h be c(-28). Let s = 31 + -12. Calculate the remainder when (121/22)/(2/h) is divided by s.
17
Let o be (-4)/(-10) + 23562/45. Let f = -516 + o. What is the remainder when 36 is divided by f?
4
Let u be (-54)/2*(0 - (-25)/(-15)). Suppose d = -d + 4*h + 6, 0 = 5*d + 5*h - u. What is the remainder when 34 is divided by d?
6
What is the remainder when 1436 is divided by ((-4)/(-12))/(9 - (-49563)/(-5508))?
8
Suppose 0 = -36*a + 14 + 19 + 75. Calculate the remainder when 8 is divided by a.
2
Let z = -14159 + 14186. What is the remainder when 552 is divided by z?
12
Let n = -1876 + 1885. Suppose -2*v + 20 = t + 3*v, 2*v - 8 = 0. Let q = t + 2. Calculate the remainder when n is divided by q.
1
Suppose 2*n - 381 = -95. Let v = -116 + n. What is the remainder when 49 is divided by v?
22
Calculate the remainder when 828 is divided by (13/52 - 15/36)*-618.
4
Let k(v) = -3*v**3 + 2*v**3 - 4*v - 7*v**2 - 2*v + 5 + 8. Let s be k(-6). Let u(f) = 3*f**2 - 31*f - 12. Calculate the remainder when u(s) is divided by 24.
20
Let i = 15152 + -6405. Calculate the remainder when i is divided by 10.
7
Let v = -75 - -94. Suppose -v*z + 192 = -416. Calculate the remainder when z is divided by 12.
8
Suppose -2*h = k - 22, 69 = 2*k + k + 3*h. Let m(g) = -4*g**2 - 284*g - 4148. What is the remainder when m(-49) is divided by k?
20
Let b(s) = 2003*s + 16. Let f be b(-8). What is the remainder when f/(-27) + 23/207 is divided by 33?
32
Let h(y) = -y**3 - y**2 + 93. Let k = 2680 + -1431. Let v = 1282 - k. What is the remainder when h(0) is divided by v?
27
Suppose -361*y + 286*y + 54366 = 367*y. Let b(q) = 3*q + 10. What is the remainder when y is divided by b(7)?
30
Let u = 545 + -415. Calculate the remainder when u is divided by 13.
0
What is the remainder when 2960 - (29 - -10)/(-3) is divided by 24?
21
Suppose 32*p - 63867 = -151*p. Calculate the remainder when p is divided by 137.
75
Let o(h) = h**2 - 3*h + 84. Suppose 5*a - 86 = 3*a. What is the remainder when o(0) is divided by a?
41
Suppose 8537 = 3*f - 4*a, -5*a + 1990 = 4*f - 9403. What is the remainder when f is divided by 50?
47
Let z = 90 - -48. Suppose -3 = -3*b, 12 + 0 = l - 2*b. Calculate the remainder when z is divided by l.
12
Suppose 52*n + 154*n - 8782 = 10170. Calculate the remainder when n is divided by (1 - 2)/(2/(-34)).
7
Suppose 2*a = 12, 2*k - 20*a - 786 = -21*a. Calculate the remainder when k is divided by 13.
0
Suppose -146*a + 145*a + 5 = 0. Suppose -5*f + 89 = h, -2*h + 71 = -a*f - 47. What is the remainder when h is divided by 9?
6
Suppose -c = -19 + 110. Calculate the remainder when 85 is divided by 1 - (-13)/(c/(-154)).
16
Let w(m) = -21*m - 20. Let c(f) = -64*f - 61. Let z(n) = -6*c(n) + 17*w(n). Let v be z(-6). Let r = -59 - v. What is the remainder when r is divided by 16?
13
Let b(d) = -d + 943. Let n(w) = 2*w - 1887. Let r(v) = -5*b(v) - 3*n(v). What is the remainder when r(0) is divided by 73?
70
Suppose -p + 4*l - 29 = -l, -4*p - 2*l = 6. Suppose 14 - 3 = 11*c. Calculate the remainder when c is divided by p/(-3) + 3/(-9).
0
Let i = -2924 + 2979. Calculate the remainder when 7038 is divided by i.
53
Let p(v) be the third derivative of 0*v + 0 + 19*v**2 - 17/6*v**3 + 1/120*v**6 - 1/2*v**4 + 3/20*v**5. Calculate the remainder when 8 is divided by p(-10).
2
Let n be -3 + (-5)/(5/(-6)). Suppose -q = 3*d - 261, 4*d - 348 = -2*q + n*q. Let h = 97 + d. What is the remainder when h is divided by 31?
29
Let p(m) = 8*m**2 - 5*m + 3. Calculate the remainder when p(-4) is divided by ((3393/116)/39)/(6/176).
19
Suppose 55*z - 6*z - 5000 - 11023 = 0. Suppose -2*p - k + 1572 = 520, 2100 = 4*p + 3*k. Let x = p - z. What is the remainder when x is divided by 17?
14
Let k(s) = s**3 - s + 1. Let q(d) = 2*d**3 - 24*d**2 - 23*d + 30. Let w(a) = 3*k(a) - q(a). Calculate the remainder when 124 is divided by w(-23).
40
Suppose 0 = 39*s - 40*s - 195. Let u = s - -244. Calculate the remainder when u is divided by 25.
24
Let s(l) = -118*l + 18. Let v be s(4). Calculate the remainder when (8/10)/(-3 + v/(-150)) is divided by (22/(-4))/((-2)/4).
8
Let i(c) = -c**2 + 23*c - 29. Let b be i(22). Let t be b - -7 - (-1 - -1). Suppose t = -2*y + 6*y - 348. Calculate the remainder when y is divided by 23.
18
Let b(d) = -3*d**3 + 5*d + 5. Let t(k) = -k + 7. Let o be t(2). Suppose 4*h + 1 = 2*u - u, -3*u - 4 = -o*h. Calculate the remainder when b(u) is divided by 12.
11
Suppose 7*z - 1313 + 5422 = 0. Let i = -465 - z. Calculate the remainder when i is divided by 26.
18
Suppose 23*i = 28*i - 15. Let j(h) = 3*h**3 - 61*h**2 - 38*h - 60. What is the remainder when 66 + (-6)/i + 6 is divided by j(21)?
22
Suppose k + 6943 - 7309 = 0. Calculate the remainder when k is divided by 10.
6
Suppose -5*w + 47 = -8. Suppose -w*v - 12 = -463. Let r = -34 + v. Calculate the remainder when 12 is divided by r.
5
Let c = -2755 - -2821. Calculate the remainder when 490 is divided by c.
28
Suppose -4710 = -5*o - 12*y + 7*y, 3*y - 4722 = -5*o. Calculate the remainder when o is divided by 87.
78
Let n(b) = 134*b + 10. Let m(u) = -u. Let s(a) = -3*m(a) + n(a). What is the remainder when s(1) is divided by 50?
47
Let s(a) = a**2 + 2*a + 64. Suppose 5*j - i + 114 = -0*j, 5*j + 2*i = -117. Let r = -23 - j. Calculate the remainder when s(r) is divided by 33.
31
Suppose -2*x - 3*x = g + 71, -2*g - 5*x = 117. Let j = -42 - g. Let n = j + 20. Calculate the remainder when 94 is divided by n.
22
Let w = -180 - -802. Calculate the remainder when w is divided by 11.
6
Suppose 86 = -3*g + 5*g. Let c be (60/(-6))/5*-1. Suppose -c*m + 2*f + 61 = -279, 3*m - 510 = -5*f. Calculate the remainder when m is divided by g.
41
Suppose 0 = -f + c + 4 + 152, -4*c = -5*f + 777. Suppose x + 68 = 90. Calculate the remainder when f is divided by x.
21
Suppose 2*p - 611 = -5*k, 21*k - 26*k - 283 = -p. Let d = -281 + p. What is the remainder when (-2)/6 - (-1067)/33 is divided by d?
15
Let x(k) = -2*k**2 - 254*k - 2907. What is the remainder when 188 is divided by x(-114)?
17
Let c = -13 - -8. Let z be (-1 + c/20)*-4. Suppose -4*a = q - 73, 2*q = z*q + a - 252. Calculate the remainder when q is divided by 29.
27
Suppose 0 = 6*y - 101 + 23. Let s(w) = 27*w**2 + 2*w + 4. Calculate the remainder when s(2) is divided by y.
12
Suppose -176*i + 2849 = -1375. Calculate the remainder when 80 is divided by i.
8
Let m(f) = -24*f - 4. Let d be m(5). Let h = -75 - d. Let b = 104348 + -104335. Calculate the remainder when h is divided by b.
10
Let g = 127 - 183. Let y = g + 60. Suppose 175 = 5*f + y*a, 2*f = -0*f + 4*a + 42. What is the remainder when 91 is divided by f?
29
Suppose -9 = j - 4*j. Let n(t) = -9*t + 65. Let s be n(7). Suppose s = 3*p - 13. Calculate the remainder when p is divided by j.
2
Let h = 18 + -10. Let z(r) = 39*r - 67*r - 6 + 32*r. What is the remainder when z(h) is divided by 7?
5
Let q(m) = -6*m - 19. Let w be q(-7). Suppose -w 